{"id":87,"date":"2025-01-27T19:44:35","date_gmt":"2025-01-27T19:44:35","guid":{"rendered":"https:\/\/sivupolkuja.fi\/index.php\/anne\/"},"modified":"2025-02-13T20:46:03","modified_gmt":"2025-02-13T20:46:03","slug":"anne","status":"publish","type":"page","link":"https:\/\/sivupolkuja.fi\/index.php\/anne\/","title":{"rendered":"Anne"},"content":{"rendered":"\n<div class=\"wp-block-group alignfull superbthemes-navigation-004 is-layout-flow wp-block-group-is-layout-flow\" style=\"margin-top:0;margin-bottom:0;padding-top:0;padding-bottom:0\">\n<h2 class=\"wp-block-heading has-text-align-center\">&#8221;Kun ajattelen el\u00e4m\u00e4\u00e4ni, se on kuin vesi joka muuttaa muotoaan.&#8221; -Gaston Bachelard<\/h2>\n\n\n\n<div class=\"wp-block-group has-global-padding is-layout-constrained wp-block-group-is-layout-constrained\"><\/div>\n<\/div>\n\n\n\n<div class=\"wp-block-group alignfull superbthemes-navigation-004 is-layout-flow wp-block-group-is-layout-flow\" style=\"margin-top:0;margin-bottom:0;padding-top:0;padding-bottom:0\">\n<div class=\"wp-block-columns is-layout-flex wp-container-core-columns-is-layout-28f84493 wp-block-columns-is-layout-flex\">\n<div class=\"wp-block-column is-layout-flow wp-block-column-is-layout-flow\">\n<figure class=\"wp-block-image aligncenter\"><img loading=\"lazy\" decoding=\"async\" width=\"1600\" height=\"756\" src=\"https:\/\/sivupolkuja.fi\/wp-content\/uploads\/2025\/02\/meritausta.png\" alt=\"\" class=\"wp-image-207\" srcset=\"https:\/\/sivupolkuja.fi\/wp-content\/uploads\/2025\/02\/meritausta.png 1600w, https:\/\/sivupolkuja.fi\/wp-content\/uploads\/2025\/02\/meritausta-300x142.png 300w, https:\/\/sivupolkuja.fi\/wp-content\/uploads\/2025\/02\/meritausta-1024x484.png 1024w, https:\/\/sivupolkuja.fi\/wp-content\/uploads\/2025\/02\/meritausta-768x363.png 768w, https:\/\/sivupolkuja.fi\/wp-content\/uploads\/2025\/02\/meritausta-1536x726.png 1536w\" sizes=\"auto, (max-width: 1600px) 100vw, 1600px\" \/><\/figure>\n<\/div>\n<\/div>\n<\/div>\n\n\n\n<div class=\"wp-block-group alignfull has-global-padding is-layout-constrained wp-container-core-group-is-layout-226e04bb wp-block-group-is-layout-constrained\" style=\"margin-top:0;margin-bottom:0;padding-top:var(--wp--preset--spacing--superbspacing-xxlarge);padding-right:var(--wp--preset--spacing--superbspacing-small);padding-bottom:var(--wp--preset--spacing--superbspacing-xxlarge);padding-left:var(--wp--preset--spacing--superbspacing-small)\">\n<div class=\"wp-block-columns alignwide is-layout-flex wp-container-core-columns-is-layout-28f84493 wp-block-columns-is-layout-flex\">\n<div class=\"wp-block-column is-layout-flow wp-block-column-is-layout-flow\">\n<blockquote class=\"wp-block-quote is-layout-flow wp-block-quote-is-layout-flow\">\n<p class=\"has-text-align-left has-secondary-color has-text-color\">Hei!<\/p>\n\n\n\n<p>Olen Anne, sanataide- ja kirjallisuusterapiaohjaaja sek\u00e4 kirjoittaja, joka on asunut l\u00e4hes koko el\u00e4m\u00e4ns\u00e4 meren rantojen l\u00e4heisyydess\u00e4. Lukeminen ja kirjoittaminen ovat minulle syd\u00e4menasia. Olen el\u00e4nyt ilot ja surut, kirjoittaminen on j\u00e4sent\u00e4nyt ajatuksia ja pysynyt mukana matkassa.<\/p>\n\n\n\n<p>Luovan kirjoittamisen opintoihin uskaltauduin vasta aikuisi\u00e4ll\u00e4. Olin haaveillut ja empinyt, eik\u00e4 sopivaa ajankohtaa l\u00f6ytynyt. Sivupolku vei minut lopulta oikeaan suuntaan. Sanataideohjaajakoulutuksessa tutustuin kirjallisuusterapiaan ja innostuin, sill\u00e4 voimauttava ja hoitava kirjoittaminen sek\u00e4 lukeminen tuntuivat omimmiltani.&nbsp;<\/p>\n\n\n\n<p>Ohjaamani ryhm\u00e4t ja yksil\u00f6ohjaus sopivat kaikille kirjoittamisesta tai itsetutkiskelusta kiinnostuneille. Ohjauksessani pid\u00e4n t\u00e4rke\u00e4n\u00e4 iloa, joka syntyy kirjoittamisesta ja lukemisesta sek\u00e4 niiden kautta syntyvist\u00e4 oivalluksista itsest\u00e4, el\u00e4m\u00e4st\u00e4 tai uusista taidoista.<\/p>\n\n\n\n<p>Toimintaani ohjaavia arvoja ovat sitoutuminen \u2013 kunnioitus \u2013 kiireett\u00f6myys &#8211; merkityksellisyys \u2013 vapaaehtoisuus &#8211; luottamuksellisuus<\/p>\n\n\n\n<p class=\"has-text-align-left has-secondary-color has-text-color\">Sivupolkujen visuaalinen ilme kokoaa arvostamiani asioita. Kalligrafiassa on ainutlaatuisuuden ja k\u00e4sity\u00f6n tuntu, kyn\u00e4n ja paperin taika. Mustel\u00e4ik\u00e4t kertovat my\u00f6s harjoittelusta, sinnikkyydest\u00e4 ja yll\u00e4tt\u00e4v\u00e4st\u00e4 kauneudesta.<\/p>\n<\/blockquote>\n\n\n\n<p class=\"has-link-color wp-elements-d7adb47ead587acbd5b0682853af5028\">Soita 040 5687682<br>Mailaa <a href=\"mailto:anne@sivupolkuja.fi\">anne@sivupolkuja.fi<\/a><\/p>\n<\/div>\n<\/div>\n<\/div>\n\n\n\n<div class=\"wp-block-group alignfull has-base-background-color has-background has-global-padding is-layout-constrained wp-container-core-group-is-layout-8e9096b7 wp-block-group-is-layout-constrained\" style=\"margin-top:0;margin-bottom:0;padding-top:var(--wp--preset--spacing--superbspacing-xxlarge);padding-right:var(--wp--preset--spacing--superbspacing-small);padding-bottom:var(--wp--preset--spacing--superbspacing-xxlarge);padding-left:var(--wp--preset--spacing--superbspacing-small)\">\n<div class=\"wp-block-columns alignwide is-layout-flex wp-container-core-columns-is-layout-25593187 wp-block-columns-is-layout-flex\">\n<div class=\"wp-block-column is-vertically-aligned-center is-layout-flow wp-container-core-column-is-layout-8a368f38 wp-block-column-is-layout-flow\">\n<div class=\"wp-block-group is-style-default has-primary-background-color has-background has-global-padding is-content-justification-left is-layout-constrained wp-container-core-group-is-layout-bcc04a8e wp-block-group-is-layout-constrained\" style=\"border-radius:0px;min-height:500px;padding-top:var(--wp--preset--spacing--superbspacing-medium);padding-right:var(--wp--preset--spacing--superbspacing-medium);padding-bottom:var(--wp--preset--spacing--superbspacing-medium);padding-left:var(--wp--preset--spacing--superbspacing-medium)\">\n<div class=\"wp-block-group is-nowrap is-layout-flex wp-container-core-group-is-layout-6c531013 wp-block-group-is-layout-flex\">\n<figure class=\"wp-block-image aligncenter size-large is-resized\"><img decoding=\"async\" src=\"https:\/\/sivupolkuja.fi\/wp-content\/uploads\/2025\/01\/lp7-sonoran-article-1.png\" alt=\"\" style=\"width:48px;height:undefinedpx\"\/><\/figure>\n<\/div>\n\n\n\n<div class=\"wp-block-group has-global-padding is-layout-constrained wp-container-core-group-is-layout-d598ad9d wp-block-group-is-layout-constrained\">\n<h3 class=\"wp-block-heading has-text-align-left has-contrast-light-color has-text-color has-alegreya-font-family has-superbfont-medium-font-size\"><strong>Koulutustaustani<\/strong><\/h3>\n\n\n\n<p class=\"has-text-align-left has-contrast-light-color has-text-color has-link-color has-superbfont-xsmall-font-size wp-elements-00e7da34087084135389363c836c54c7\">Luovan kirjoittamisen perus- ja aineopinnot, Helsingin seudun kes\u00e4yliopisto, 2024<\/p>\n\n\n\n<p class=\"has-contrast-light-color has-text-color has-link-color has-superbfont-xsmall-font-size wp-elements-0a716999d8dd4513d703be772bd639e4\">Muita kirjoittamisen opintoja mm. Ahlmanin opistossa.<\/p>\n\n\n\n<p class=\"has-contrast-light-color has-text-color has-link-color has-superbfont-xsmall-font-size wp-elements-c1fb1d8f4dfd33dd947e00b5deae9596\">Kirjallisuusterapiaohjaaja, Jyv\u00e4skyl\u00e4n kes\u00e4yliopisto, 2024<\/p>\n\n\n\n<p class=\"has-contrast-light-color has-text-color has-link-color has-superbfont-xsmall-font-size wp-elements-f02411033b2423fbead99418f3884efe\">Sanataideohjaaja, H\u00e4meen kes\u00e4yliopisto, 2022<\/p>\n\n\n\n<p class=\"has-contrast-light-color has-text-color has-link-color has-superbfont-xsmall-font-size wp-elements-3ec4b982f0ea3fccddc18537fb194cfe\">Valtiotieteiden maisteri, p\u00e4\u00e4aine sosiologia, Turun yliopisto, 2015<\/p>\n\n\n\n<p class=\"has-text-align-left has-contrast-light-color has-text-color has-link-color has-superbfont-xsmall-font-size wp-elements-53185a7276b8513dcfd0a2b5c3d30812\">Sosionomi amk, Helsingin ammattikorkeakoulu Stadia, 2002<\/p>\n<\/div>\n<\/div>\n<\/div>\n\n\n\n<div class=\"wp-block-column is-vertically-aligned-center is-layout-flow wp-container-core-column-is-layout-e38e6d2d wp-block-column-is-layout-flow\">\n<div class=\"wp-block-group has-custom-usva-background-color has-background has-global-padding is-content-justification-left is-layout-constrained wp-container-core-group-is-layout-1142c0e4 wp-block-group-is-layout-constrained\" style=\"border-radius:0px;min-height:500px;padding-top:var(--wp--preset--spacing--superbspacing-medium);padding-right:var(--wp--preset--spacing--superbspacing-medium);padding-bottom:var(--wp--preset--spacing--superbspacing-medium);padding-left:var(--wp--preset--spacing--superbspacing-medium)\">\n<div class=\"wp-block-group is-nowrap is-layout-flex wp-container-core-group-is-layout-6c531013 wp-block-group-is-layout-flex\">\n<figure class=\"wp-block-image aligncenter size-full is-resized wp-duotone-ffffff-ffffff-1\"><img loading=\"lazy\" decoding=\"async\" width=\"96\" height=\"96\" src=\"https:\/\/sivupolkuja.fi\/wp-content\/uploads\/2025\/01\/lp7-sonoran-cardholder.png\" alt=\"\" class=\"wp-image-74\" style=\"width:48px;height:48px\"\/><\/figure>\n<\/div>\n\n\n\n<div class=\"wp-block-group has-global-padding is-layout-constrained wp-container-core-group-is-layout-d598ad9d wp-block-group-is-layout-constrained\">\n<h3 class=\"wp-block-heading has-text-align-left has-contrast-light-color has-text-color has-alegreya-font-family has-superbfont-medium-font-size\"><strong>Ty\u00f6taustani<\/strong><\/h3>\n\n\n\n<p class=\"has-text-align-left has-contrast-light-color has-text-color has-link-color has-superbfont-xsmall-font-size wp-elements-aac7510398042c83a7e26f1d677e4716\">Tieto-, neuvonta- ja ohjausalan erilaisissa rooleissa yli 20 vuoden ajan:<\/p>\n\n\n\n<p class=\"has-contrast-light-color has-text-color has-link-color has-superbfont-xsmall-font-size wp-elements-8902e9dc9af4c4d1a9ff280dea6245de\">Ohjannut ja kouluttanut sek\u00e4 aikuisia ett\u00e4 nuoria<\/p>\n\n\n\n<p class=\"has-contrast-light-color has-text-color has-link-color has-superbfont-xsmall-font-size wp-elements-a0c04c3ef83ccdd6e9049b8b8fe4970c\">Viestinn\u00e4n ty\u00f6teht\u00e4vi\u00e4, erityisesti sis\u00e4ll\u00f6ntuottamista ja kirjoittamisesta<\/p>\n\n\n\n<p class=\"has-contrast-light-color has-text-color has-link-color has-superbfont-xsmall-font-size wp-elements-a84f006282ce9f7174418c115479a156\">Kokemusta my\u00f6s vapaana toimittajana toimimisesta, verkkokirjoittamisen ohjaamisesta ja kirjallisuuspiirien vet\u00e4misest\u00e4.<\/p>\n\n\n\n<p class=\"has-text-align-left has-contrast-light-color has-text-color has-link-color has-superbfont-xsmall-font-size wp-elements-330f6994d0b48965d498d7c642f9dcb5\">Lis\u00e4tietoja l\u00f6yd\u00e4t <a href=\"https:\/\/www.linkedin.com\/in\/anne-valkeap%C3%A4%C3%A4-357507115\/\" data-type=\"link\" data-id=\"https:\/\/www.linkedin.com\/in\/anne-valkeap%C3%A4%C3%A4-357507115\/\" target=\"_blank\" rel=\"noreferrer noopener\">LinkedInist\u00e4<\/a>.<\/p>\n<\/div>\n<\/div>\n<\/div>\n<\/div>\n<\/div>\n","protected":false},"excerpt":{"rendered":"<p>&#8221;Kun ajattelen el\u00e4m\u00e4\u00e4ni, se on kuin vesi joka muuttaa muotoaan.&#8221; -Gaston Bachelard Hei! Olen Anne, sanataide- ja kirjallisuusterapiaohjaaja sek\u00e4 kirjoittaja, joka on asunut l\u00e4hes koko el\u00e4m\u00e4ns\u00e4 meren rantojen l\u00e4heisyydess\u00e4. Lukeminen ja kirjoittaminen ovat minulle syd\u00e4menasia. Olen el\u00e4nyt ilot ja surut, kirjoittaminen on j\u00e4sent\u00e4nyt ajatuksia ja pysynyt mukana matkassa. Luovan kirjoittamisen opintoihin uskaltauduin vasta aikuisi\u00e4ll\u00e4. Olin [&hellip;]<\/p>\n","protected":false},"author":1,"featured_media":207,"parent":0,"menu_order":0,"comment_status":"closed","ping_status":"closed","template":"superbaddons-page-template","meta":{"footnotes":""},"class_list":["post-87","page","type-page","status-publish","has-post-thumbnail","hentry"],"_links":{"self":[{"href":"https:\/\/sivupolkuja.fi\/index.php\/wp-json\/wp\/v2\/pages\/87","targetHints":{"allow":["GET"]}}],"collection":[{"href":"https:\/\/sivupolkuja.fi\/index.php\/wp-json\/wp\/v2\/pages"}],"about":[{"href":"https:\/\/sivupolkuja.fi\/index.php\/wp-json\/wp\/v2\/types\/page"}],"author":[{"embeddable":true,"href":"https:\/\/sivupolkuja.fi\/index.php\/wp-json\/wp\/v2\/users\/1"}],"replies":[{"embeddable":true,"href":"https:\/\/sivupolkuja.fi\/index.php\/wp-json\/wp\/v2\/comments?post=87"}],"version-history":[{"count":41,"href":"https:\/\/sivupolkuja.fi\/index.php\/wp-json\/wp\/v2\/pages\/87\/revisions"}],"predecessor-version":[{"id":370,"href":"https:\/\/sivupolkuja.fi\/index.php\/wp-json\/wp\/v2\/pages\/87\/revisions\/370"}],"wp:featuredmedia":[{"embeddable":true,"href":"https:\/\/sivupolkuja.fi\/index.php\/wp-json\/wp\/v2\/media\/207"}],"wp:attachment":[{"href":"https:\/\/sivupolkuja.fi\/index.php\/wp-json\/wp\/v2\/media?parent=87"}],"curies":[{"name":"wp","href":"https:\/\/api.w.org\/{rel}","templated":true}]}}